{"id":269,"date":"2016-04-25T13:38:41","date_gmt":"2016-04-25T13:38:41","guid":{"rendered":"http:\/\/sourtec.genesis.co.nl\/?page_id=269"},"modified":"2016-09-19T21:16:42","modified_gmt":"2016-09-19T21:16:42","slug":"testes-sob-pressoes-elevadas-em-meio-corrosivo","status":"publish","type":"page","link":"http:\/\/sourtec.com\/site\/pt\/testes-sob-pressoes-elevadas-em-meio-corrosivo\/","title":{"rendered":"Testes sob Press\u00f5es Elevadas em Meio Corrosivo"},"content":{"rendered":"<p><a href=\"http:\/\/sourtec.genesis.co.nl\/wp-content\/uploads\/2016\/04\/Oquefazemos_testeemmeioscorrosivos_corpodotexto.jpg\" rel=\"attachment wp-att-438\"><img decoding=\"async\" loading=\"lazy\" class=\"wp-image-438 alignleft\" src=\"http:\/\/sourtec.genesis.co.nl\/wp-content\/uploads\/2016\/04\/Oquefazemos_testeemmeioscorrosivos_corpodotexto.jpg\" alt=\"Oquefazemos_testeemmeioscorrosivos_corpodotexto\" width=\"346\" height=\"518\" srcset=\"http:\/\/sourtec.com\/site\/wp-content\/uploads\/2016\/04\/Oquefazemos_testeemmeioscorrosivos_corpodotexto.jpg 1001w, http:\/\/sourtec.com\/site\/wp-content\/uploads\/2016\/04\/Oquefazemos_testeemmeioscorrosivos_corpodotexto-200x300.jpg 200w, http:\/\/sourtec.com\/site\/wp-content\/uploads\/2016\/04\/Oquefazemos_testeemmeioscorrosivos_corpodotexto-768x1151.jpg 768w, http:\/\/sourtec.com\/site\/wp-content\/uploads\/2016\/04\/Oquefazemos_testeemmeioscorrosivos_corpodotexto-683x1024.jpg 683w\" sizes=\"(max-width: 346px) 100vw, 346px\" \/><\/a><\/p>\n<div>Testes em escala real e reduzida, nos quais press\u00f5es elevadas, controle de temperatura, controle de pH, controle de press\u00f5es e controle de fluxo de g\u00e1s sejam requeridos, s\u00e3o rotineiros para a ind\u00fastria de \u00f3leo &amp; g\u00e1s e energia.<\/div>\n<div><\/div>\n<div>A Sourtec entende as necessidades de seus clientes e realiza testes que atendem \u00e0s especifica\u00e7\u00f5es dessa cadeia produtiva. Os testes que a Sourtec pode oferecer nessa \u00e1rea s\u00e3o conhecidos, por exemplo, como testes de permea\u00e7\u00e3o, de corros\u00e3o generalizada e de carca\u00e7a.<\/div>\n<p>&nbsp;<\/p>\n","protected":false},"excerpt":{"rendered":"<p>Testes em escala real e reduzida, nos quais press\u00f5es elevadas, controle de temperatura, controle de pH, controle de press\u00f5es e controle de fluxo de g\u00e1s sejam requeridos, s\u00e3o rotineiros para a ind\u00fastria de \u00f3leo &amp; g\u00e1s e energia. A Sourtec<\/p>\n","protected":false},"author":1,"featured_media":0,"parent":0,"menu_order":0,"comment_status":"closed","ping_status":"closed","template":"","meta":[],"_links":{"self":[{"href":"http:\/\/sourtec.com\/site\/wp-json\/wp\/v2\/pages\/269"}],"collection":[{"href":"http:\/\/sourtec.com\/site\/wp-json\/wp\/v2\/pages"}],"about":[{"href":"http:\/\/sourtec.com\/site\/wp-json\/wp\/v2\/types\/page"}],"author":[{"embeddable":true,"href":"http:\/\/sourtec.com\/site\/wp-json\/wp\/v2\/users\/1"}],"replies":[{"embeddable":true,"href":"http:\/\/sourtec.com\/site\/wp-json\/wp\/v2\/comments?post=269"}],"version-history":[{"count":14,"href":"http:\/\/sourtec.com\/site\/wp-json\/wp\/v2\/pages\/269\/revisions"}],"predecessor-version":[{"id":440,"href":"http:\/\/sourtec.com\/site\/wp-json\/wp\/v2\/pages\/269\/revisions\/440"}],"wp:attachment":[{"href":"http:\/\/sourtec.com\/site\/wp-json\/wp\/v2\/media?parent=269"}],"curies":[{"name":"wp","href":"https:\/\/api.w.org\/{rel}","templated":true}]}}