{"id":127,"date":"2016-04-08T13:47:20","date_gmt":"2016-04-08T13:47:20","guid":{"rendered":"http:\/\/sourtec.genesis.co.nl\/?page_id=127"},"modified":"2016-09-19T21:10:14","modified_gmt":"2016-09-19T21:10:14","slug":"testes-nace-nace-tests","status":"publish","type":"page","link":"http:\/\/sourtec.com\/site\/pt\/testes-nace-nace-tests\/","title":{"rendered":"Testes NACE"},"content":{"rendered":"<p><a href=\"http:\/\/sourtec.genesis.co.nl\/wp-content\/uploads\/2016\/04\/banner-teste-NACE2.png\" rel=\"attachment wp-att-441\"><img decoding=\"async\" loading=\"lazy\" class=\"alignnone size-full wp-image-441\" src=\"http:\/\/sourtec.genesis.co.nl\/wp-content\/uploads\/2016\/04\/banner-teste-NACE2.png\" alt=\"banner-teste-NACE2\" width=\"1100\" height=\"160\" srcset=\"http:\/\/sourtec.com\/site\/wp-content\/uploads\/2016\/04\/banner-teste-NACE2.png 1100w, http:\/\/sourtec.com\/site\/wp-content\/uploads\/2016\/04\/banner-teste-NACE2-300x44.png 300w, http:\/\/sourtec.com\/site\/wp-content\/uploads\/2016\/04\/banner-teste-NACE2-768x112.png 768w, http:\/\/sourtec.com\/site\/wp-content\/uploads\/2016\/04\/banner-teste-NACE2-1024x149.png 1024w\" sizes=\"(max-width: 1100px) 100vw, 1100px\" \/><\/a><\/p>\n<p>A Sourtec realiza testes NACE como os testes de HIC e SSCC, incluindo os m\u00e9todos A e B (<em>tensile test <\/em>e <em>3 <\/em>ou<em> 4 point bending<\/em>), e pode tamb\u00e9m realizar testes similares adaptados \u00e0s necessidades de seus clientes.<\/p>\n<p>Como caracter\u00edstica destes testes, ocorre o borbulhamento de H<sub>2<\/sub>S durante o per\u00edodo de exposi\u00e7\u00e3o do material no ambiente. Os testes s\u00e3o baseados nas normas NACE TM0177 e TM0284.<\/p>\n<p>&nbsp;<\/p>\n<p>&nbsp;<\/p>\n<p>&nbsp;<\/p>\n<p>&nbsp;<\/p>\n<p>&nbsp;<\/p>\n<p>&nbsp;<\/p>\n<p>&nbsp;<\/p>\n","protected":false},"excerpt":{"rendered":"<p>A Sourtec realiza testes NACE como os testes de HIC e SSCC, incluindo os m\u00e9todos A e B (tensile test e 3 ou 4 point bending), e pode tamb\u00e9m realizar testes similares adaptados \u00e0s necessidades de seus clientes. Como caracter\u00edstica<\/p>\n","protected":false},"author":1,"featured_media":0,"parent":0,"menu_order":0,"comment_status":"closed","ping_status":"closed","template":"","meta":[],"_links":{"self":[{"href":"http:\/\/sourtec.com\/site\/wp-json\/wp\/v2\/pages\/127"}],"collection":[{"href":"http:\/\/sourtec.com\/site\/wp-json\/wp\/v2\/pages"}],"about":[{"href":"http:\/\/sourtec.com\/site\/wp-json\/wp\/v2\/types\/page"}],"author":[{"embeddable":true,"href":"http:\/\/sourtec.com\/site\/wp-json\/wp\/v2\/users\/1"}],"replies":[{"embeddable":true,"href":"http:\/\/sourtec.com\/site\/wp-json\/wp\/v2\/comments?post=127"}],"version-history":[{"count":20,"href":"http:\/\/sourtec.com\/site\/wp-json\/wp\/v2\/pages\/127\/revisions"}],"predecessor-version":[{"id":442,"href":"http:\/\/sourtec.com\/site\/wp-json\/wp\/v2\/pages\/127\/revisions\/442"}],"wp:attachment":[{"href":"http:\/\/sourtec.com\/site\/wp-json\/wp\/v2\/media?parent=127"}],"curies":[{"name":"wp","href":"https:\/\/api.w.org\/{rel}","templated":true}]}}